1352. Let r = h - -839. What are the prime factors of r?
7, 199
Let c(a) = a**3 + 7*a**2 + 11*a + 4. Let k be c(-3). Suppose 0 = -3*l + 4*h + 64, -l + k*h = 3*h - 24. Let q = l - -52. What are the prime factors of q?
2, 3
Let n(i) = -2*i**2 - 14*i + 2. Let w be n(-7). Suppose b + m - 426 = -w*m, -3*m = -5*b + 2148. List the prime factors of b.
3, 11, 13
Suppose -16781 = -5*j + b, 7*j - 5*b + 16775 = 12*j. List the prime factors of j.
2, 839
Let y(o) = -o**2 + 1. Let g(u) = u**2 - u - 1. Let x(l) = -6*g(l) - 5*y(l). Let f be x(-5). Let p = f - -138. List the prime factors of p.
2, 3, 7
Suppose -7 = 2*f - 1. Let k(n) = -n**3 - n**2 - 3. Let g be k(f). What are the prime factors of (-1)/(g/(-6)) + (-586)/(-10)?
59
Let r be (3 - 22770/(-12))*(2 + 2). Suppose 3*q - r = -1857. List the prime factors of q.
5, 383
Suppose -69*u + 490300 = 14752. List the prime factors of u.
2, 1723
Suppose -3*d = -2*d - 6*d. Suppose 4*g - 805 - 203 = d. List the prime factors of g.
2, 3, 7
Let l(g) = -10*g**2 - 13*g + 6. Let z be l(6). Let x = z - -857. What are the prime factors of x?
5, 17
Let h be 300/((-6 + 8)/(6 + -5)). Suppose 5*j = -4*s - 233, 0 = 2*j - 7*j + 3*s - 254. Let r = h - j. What are the prime factors of r?
199
Let o = -11 + 16. Let t be (6/10)/(o/3425). Suppose t = 14*l - 653. List the prime factors of l.
2, 19
Let r(c) = 12796*c + 61. List the prime factors of r(3).
38449
List the prime factors of 3734 + (-14)/14 + -9.
2, 7, 19
Suppose 0 = -40*v + 99263 + 38417. List the prime factors of v.
2, 1721
Let o be (10/15)/(4/18) + -3323. Let t = -2214 - o. List the prime factors of t.
2, 7, 79
Let a(s) = -s**2 + 5*s - 2. Let k be a(5). Let j be 9/(-15)*(-3 - k - 4). What are the prime factors of j - (-1)/(-5 - -4)?
2
Suppose 0 = u + 3*q + 370 - 5662, 0 = 6*q - 30. List the prime factors of u.
3, 1759
Let h(m) = -2*m**3 + m**2 + 10*m - 8. Let v be h(-5). Suppose x - v = 8*x. List the prime factors of 0 - x - (23 - 25).
3, 11
Let n = -414 + 390. Let t(o) = o**3 + 27*o**2 + 49*o - 10. List the prime factors of t(n).
2, 271
Let u be 128 + (5 - -4) - 9. Suppose -120*l = -u*l + 10432. List the prime factors of l.
2, 163
Let w be 3 + (3/(-3) - -1). Let u = -850 - -850. Suppose -5*p + 197 = k - u*k, 3*k + w*p = 591. What are the prime factors of k?
197
Let j(w) = 16*w + 6. Let n(z) = -1. Let d(m) = -j(m) + 5*n(m). Let y = 0 - 4. What are the prime factors of d(y)?
53
Let i(s) = 907*s + 168. What are the prime factors of i(5)?
4703
Let i be 2604/18 + 3/9. Let k = i + -55. Suppose -2*p + 90 = -k. What are the prime factors of p?
2, 3, 5
Let i = -100 - -127. List the prime factors of i/(-18) + 2051/2.
2
Suppose 2*t - 20220 = -2*a, 5*a - 4*t = t + 50510. List the prime factors of a.
2, 31, 163
Let i(s) = -2*s**2 - 2726*s - 2*s**3 + 2724*s + 1 + 5. Let n = -2 + -3. What are the prime factors of i(n)?
2, 3
Suppose 254*n - 3*m = 255*n - 12772, 4*m + 51104 = 4*n. What are the prime factors of n?
5, 7, 73
Suppose -2*h - 5*h = 294. Let y = h + 34. Let q(r) = -r**3 - 7*r**2 + r - 10. What are the prime factors of q(y)?
2, 23
Let z(b) = b**2 + 8*b. Let w be z(-8). Suppose -i + w*i = -3. Let k(y) = y**2 + 3*y + 2. List the prime factors of k(i).
2, 5
Suppose -3*o - 3*d + 203220 = 0, 296*d + 203234 = 3*o + 301*d. What are the prime factors of o?
67733
Let h(q) = 45*q**2 - 2*q + 2. Let x = 5 + -4. Let u be h(x). Let c = -2 + u. What are the prime factors of c?
43
Suppose -3629 = -0*t - 5*t - a, -3*a = 3. Let j = t + -283. What are the prime factors of j?
443
Let j(y) = 43*y + 40. Let x be j(8). Suppose -3*a - 1413 = -x. Let n = -213 - a. List the prime factors of n.
2, 5, 13
Let r be 5 - -2 - (-132 - 3). Suppose -r - 13284 = -14*k. What are the prime factors of k?
7, 137
Let q = 15823 + -7196. What are the prime factors of q?
8627
Let o(r) be the second derivative of -r**5/20 - 5*r**4/12 - r**3/6 + 126*r**2 + 6*r. Suppose -9 = 2*w - 9. What are the prime factors of o(w)?
2, 3, 7
Suppose -2*t - 2*a + 7348 = 0, -a - 14661 = -2*t - 2*t. What are the prime factors of t?
19, 193
Suppose 1471 = 3*b - 5*i, 4*i - 1405 = -3*b + 48. Suppose -2*a = -u + b, 0 = -2*u - 0*u + a + 986. Suppose -g - 14*g + u = 0. List the prime factors of g.
3, 11
Let c(r) = 3*r**3 - 2*r**2 - 7*r + 19. Let g(k) = -k**3 + 1. Let h(x) = -c(x) - 2*g(x). List the prime factors of h(-7).
7, 53
What are the prime factors of 47913 - (-14 - 494/(-26))?
2, 7, 29, 59
Let x(n) = 126*n - 138. Let m be x(14). Suppose m = 38*c - 35*c. List the prime factors of c.
2, 271
Suppose -17*w + 52 = -33. Suppose 0 = w*a - 4376 + 1691. List the prime factors of a.
3, 179
Let p = 36 + 2918. What are the prime factors of p?
2, 7, 211
Let d be 4 - (1 + 5) - -55. Suppose 5*o - d + 33 = 0. Suppose 67 = -o*r + 215. List the prime factors of r.
37
Let g = -955 - -3178. What are the prime factors of g?
3, 13, 19
Suppose -3*n + 7 = -11. Let z(s) = 7*s**2 + 14*s - 32. Let f be z(n). Suppose m = 5*m - 3*j - 324, 4*m - f = -2*j. List the prime factors of m.
2, 3, 13
What are the prime factors of (-2580792)/(-191) + (0*2/4)/(-2)?
2, 3, 563
Let l(n) = -14*n - 13. Let c be l(-3). Let h = c + -47. Let z(k) = -12*k - 14. List the prime factors of z(h).
2, 101
Let s(g) = -12 + 11009*g**2 + 46 - 10927*g**2 + 3*g - g. What are the prime factors of s(-4)?
2, 3, 223
Let f(j) = 46*j**2 + 5*j. Let i be f(4). Suppose 5*r - 50 - i = -3*m, 1 = r. What are the prime factors of m?
3, 89
Let w(u) be the first derivative of 173*u**4/4 + u**3/3 + 3*u**2/2 - 5*u + 237. What are the prime factors of w(1)?
2, 43
Suppose -21*r = -22*r - 116. Let k = -118 - r. What are the prime factors of 218 + (k/(-8))/((-17)/(-204))?
13, 17
Suppose 3*a - 19974 + 5319 = 3*s, 0 = 3*a + 5*s - 14631. List the prime factors of a.
2, 2441
Suppose -6*t + 52907 = 13*t - 226431. What are the prime factors of t?
2, 7351
Let k = -48 - -46. Let g be (1/(k/(-8)))/(3/15). Suppose -5*l + 5*i + g = 0, -l = -i + 2*i - 4. What are the prime factors of l?
2
Suppose 711 = 8*w - 7*w. Suppose -v = g - w, 2*v = 5*g - 1694 - 1861. What are the prime factors of g?
3, 79
Suppose 7 - 13 = -3*b. Suppose h + 2*a - 105 = 0, 4*h - 462 = b*a - 2. Suppose 0 = -4*o + h + 83. What are the prime factors of o?
7
Suppose g + 42 = 15*g. Suppose -m + 101 = p, -2*p + 247 = g*m + 47. List the prime factors of p.
103
Let q = -7 + -2. What are the prime factors of (3 + -4)/(-3) - 8628/q?
7, 137
Let r(m) be the first derivative of -m**4/2 - 25*m**3/6 + 13*m**2/2 - 13. Let y(d) be the second derivative of r(d). What are the prime factors of y(-10)?
5, 19
Suppose -5*g - 1456 = 3*r, -4*g = -g - 3*r + 888. What are the prime factors of g*((-3)/(5 - 2))/1?
293
Let d(n) = 2*n**2 + 47*n + 45. Let g be d(-22). What are the prime factors of 20 + g - 5*-69?
2, 43
Let f be (-90)/6 + (-2 - 0/3). Let r(k) = -k**3 - 17*k**2 - k - 8. Let u be r(f). Suppose -10 - 8 = -u*c. List the prime factors of c.
2
Let i = 94991 - 53788. List the prime factors of i.
41203
Suppose -26 + 11 = -3*u. Suppose -411 - 9 = -u*h. List the prime factors of h.
2, 3, 7
Let v be (-48006)/(-24) + 1/(-12)*-9. Let s = v + -970. List the prime factors of s.
1031
Let l(a) be the third derivative of -a**6/120 - 3*a**5/20 + 5*a**4/12 + 2*a**3/3 - 16*a**2. Let w be l(-10). List the prime factors of (-1)/(w + (-29)/7).
7
Let b be (156/(-130))/(((-3)/(-10))/1). Let l be (-357)/(-49) + b/14. Suppose 383 = l*g - 128. What are the prime factors of g?
73
Suppose 4*b + 2*y = -2, 16 = -2*b - 16*y + 18*y. What are the prime factors of b/(-2) - ((-1078)/4 - -10)?
3, 29
Let y(s) = -49*s**3 + 26*s**2 - 15 - 51*s**3 - 44*s**3 + 20*s + 143*s**3. What are the prime factors of y(26)?
5, 101
Let t(m) be the first derivative of -18*m**2 - 241*m - 148. What are the prime factors of t(-36)?
5, 211
Let a(w) = -8*w - 14. Let h be a(-11). Suppose 8*n - h = 7*n. Suppose u - n = -57. List the prime factors of u.
17
Suppose 3*q - r - 4*r - 1351 = 0, q = -2*r + 443. Suppose -q = -s - 81. List the prime factors of s.
2, 3, 61
List the prime factors of ((-910)/40 - 8)*8304/(-18).
2, 41, 173
Let f be 5*((-8)/6)/((-15)/36). Suppose 18*t - 8 = f*t. Suppose 3*i = -t*c + 253, 0*i = -3*c + i + 180. List the prime factors of c.
61
Let t(n) = -n**3 + 47*n**2 - 23*n + 39. Let a(x) = -x**3 + 48*x**2 - 22*x + 3